{"id":1316,"date":"2017-10-16T04:10:26","date_gmt":"2017-10-16T04:10:26","guid":{"rendered":"http:\/\/ninzio.com\/craft\/?page_id=1316"},"modified":"2021-06-09T15:28:12","modified_gmt":"2021-06-09T12:28:12","slug":"hakkimizda","status":"publish","type":"page","link":"https:\/\/www.atacdisticaret.com\/index.php\/hakkimizda\/","title":{"rendered":"Hakk\u0131m\u0131zda"},"content":{"rendered":"<p>[vc_row][vc_column]\r\n\t<div class=\"wprt-spacer clearfix\" data-desktop=\"70\" data-mobi=\"50\" data-smobi=\"50\"><\/div><div class=\"wprt-headings clearfix text-center\"  style=\"\"><h2 class=\"heading clearfix\" style=\"font-weight:700;margin-bottom:3px;\">\r\n\t\tATA\u00c7 DI\u015e T\u0130CARET\r\n\t<\/h2><div class=\"sep accent clearfix\" style=\"width:60px;height:3px;\"><\/div><\/div>\r\n\t<div class=\"wprt-spacer clearfix\" data-desktop=\"35\" data-mobi=\"35\" data-smobi=\"35\"><\/div>\r\n\t<div class=\"wprt-spacer clearfix\" data-desktop=\"75\" data-mobi=\"50\" data-smobi=\"50\"><\/div>[\/vc_column][\/vc_row][vc_row row_equal_height=&#8221;yes&#8221; fullwidth=&#8221;yes&#8221; full_width=&#8221;stretch_row_content_no_spaces&#8221; el_class=&#8221;equalize sm-equalize-auto&#8221; css=&#8221;.vc_custom_1609515889270{background-color: #f7f7f7 !important;}&#8221;][vc_column width=&#8221;1\/2&#8243; css=&#8221;.vc_custom_1512441291294{background-image: url(https:\/\/ninzio.com\/craft\/wp-content\/uploads\/2017\/10\/section_img2.jpg?id=2023) !important;background-position: center !important;background-repeat: no-repeat !important;background-size: cover !important;}&#8221;]\r\n\t<div class=\"wprt-spacer clearfix\" data-desktop=\"0\" data-mobi=\"0\" data-smobi=\"450\"><\/div>[\/vc_column][vc_column width=&#8221;1\/2&#8243;]<div class=\"wprt-content-box clearfix \" data-padding=\"\" data-mobipadding=\"\" data-margin=\"10% 20%\" data-mobimargin=\"8%\">\r\n\t\t<div class=\"inner \" style=\"\">\r\n\t\t\t<div class=\"wprt-headings clearfix \"  style=\"\"><h2 class=\"heading clearfix\" style=\"font-weight:700;margin-bottom:5px;\">\r\n\t\tHakk\u0131m\u0131zda\r\n\t<\/h2><div class=\"sep accent clearfix\" style=\"width:60px;height:3px;\"><\/div><p class=\"sub-heading clearfix\" style=\"font-style:normal;font-size:14px;line-height:28px;margin-top:12px;margin-bottom:20px;font-family:Montserrat;\">\r\n\t\tFirmam\u0131z deneyimli personeli ile ithalat, ihracat, i\u015flemleri ile ilgili her t\u00fcrl\u00fc g\u00fcmr\u00fck ve dan\u0131\u015fmanl\u0131k hizmetlerinin yan\u0131 s\u0131ra; TSE s\u00fcre\u00e7lerine h\u00e2kim teknik kadrosuyla, \u00f6zellikle CE i\u015faretlemesine tabi \u00fcr\u00fcnler olmak \u00fczere teknik dan\u0131\u015fmanl\u0131k, deneyimli d\u0131\u015f ticaret uzmanlar\u0131yla d\u0131\u015f ticaret dan\u0131\u015fmanl\u0131\u011f\u0131 hizmeti ve e\u011fitimleri vermektedir.<br \/>\nFirmam\u0131z g\u00fcmr\u00fck mevzuat\u0131 ve etik de\u011ferler \u00e7er\u00e7evesinde, m\u00fc\u015fterilerine en kaliteli, h\u0131zl\u0131 ve g\u00fcvenilir hizmetleri sunmay\u0131, teknolojik uygulamalar geli\u015ftirerek hayat\u0131 kolayla\u015ft\u0131rmay\u0131, m\u00fc\u015fteri beklentilerine optimum \u00e7\u00f6z\u00fcmler \u00fcretmeyi ve maliyet avantajlar\u0131 sa\u011flamay\u0131 ilke edinmi\u015ftir.\r\n\t<\/p><\/div>\n\r\n\t\t<\/div>\r\n\t<\/div>[\/vc_column][\/vc_row]<\/p>\n","protected":false},"excerpt":{"rendered":"<p>[vc_row][vc_column][\/vc_column][\/vc_row][vc_row row_equal_height=&#8221;yes&#8221; fullwidth=&#8221;yes&#8221; full_width=&#8221;stretch_row_content_no_spaces&#8221; el_class=&#8221;equalize sm-equalize-auto&#8221; css=&#8221;.vc_custom_1609515889270{background-color: #f7f7f7 !important;}&#8221;][vc_column width=&#8221;1\/2&#8243; css=&#8221;.vc_custom_1512441291294{background-image: url(https:\/\/ninzio.com\/craft\/wp-content\/uploads\/2017\/10\/section_img2.jpg?id=2023) !important;background-position: center !important;background-repeat: no-repeat !important;background-size: cover !important;}&#8221;][\/vc_column][vc_column width=&#8221;1\/2&#8243;][\/vc_column][\/vc_row]<\/p>\n","protected":false},"author":1,"featured_media":0,"parent":0,"menu_order":0,"comment_status":"closed","ping_status":"closed","template":"","meta":{"footnotes":""},"class_list":["post-1316","page","type-page","status-publish","hentry"],"_links":{"self":[{"href":"https:\/\/www.atacdisticaret.com\/index.php\/wp-json\/wp\/v2\/pages\/1316","targetHints":{"allow":["GET"]}}],"collection":[{"href":"https:\/\/www.atacdisticaret.com\/index.php\/wp-json\/wp\/v2\/pages"}],"about":[{"href":"https:\/\/www.atacdisticaret.com\/index.php\/wp-json\/wp\/v2\/types\/page"}],"author":[{"embeddable":true,"href":"https:\/\/www.atacdisticaret.com\/index.php\/wp-json\/wp\/v2\/users\/1"}],"replies":[{"embeddable":true,"href":"https:\/\/www.atacdisticaret.com\/index.php\/wp-json\/wp\/v2\/comments?post=1316"}],"version-history":[{"count":4,"href":"https:\/\/www.atacdisticaret.com\/index.php\/wp-json\/wp\/v2\/pages\/1316\/revisions"}],"predecessor-version":[{"id":3210,"href":"https:\/\/www.atacdisticaret.com\/index.php\/wp-json\/wp\/v2\/pages\/1316\/revisions\/3210"}],"wp:attachment":[{"href":"https:\/\/www.atacdisticaret.com\/index.php\/wp-json\/wp\/v2\/media?parent=1316"}],"curies":[{"name":"wp","href":"https:\/\/api.w.org\/{rel}","templated":true}]}}